 (4 + 0)*-1 + 2. Suppose 3*t - t + q*a = 548, 2*a - 552 = -2*t. What is the hundreds digit of t?
2
Let r(j) = 12 - j**3 - 6*j**3 + 9*j + 2*j**3 + 3*j**3 - 4*j**2. Let x(w) = -5*w**3 - 2*w + 2. Let h be x(1). What is the hundreds digit of r(h)?
1
Let j = 547 + -558. Let x(s) = 16*s**2 + 12. What is the units digit of x(j)?
8
Suppose -33*d + 49803 = -65433. What is the hundreds digit of d?
4
Let r = 740 - -1168. Let d = r + -1303. Suppose -4*m - 3*a + d = 226, -378 = -4*m - 2*a. What is the units digit of m?
4
Let t = 499 - -797. Suppose -2*c - 4*g + 1506 = 0, 5*g + 1703 + t = 4*c. What is the units digit of c?
1
Let s(p) = -5*p**2 + 34*p - 73. Let m be s(21). What is the units digit of (-184)/m - (6422/(-34))/1?
9
Let o = -547 - -1145. Suppose 22*w - 7484 = -o. What is the hundreds digit of w?
3
Let l = -589 + 793. Let h be 2/(-6) + (-590)/(-6). Let p = l - h. What is the units digit of p?
6
Let g(q) = 17*q**2 - 9*q - 4. Let f be g(-7). Let i = f - 584. Suppose -3*j + i = -148. What is the units digit of j?
2
Let n = -15 + 18. Let i be (5 - n) + (18 - (1 + -2)). Let t(u) = u**3 - 22*u**2 + 23*u - 22. What is the tens digit of t(i)?
2
Suppose -5*u = -3*p + 74230, 59*u = -5*p + 58*u + 123642. What is the thousands digit of p?
4
Let k = -390 + -77. Let x = k + 671. What is the tens digit of x?
0
Suppose -8*x - 4*p = -3*x - 24, 3*x - 32 = 2*p. Suppose -x*w + 1386 + 134 = 0. Suppose w = d + 4*d. What is the units digit of d?
8
Suppose -49 = -9*n - 13. Suppose -2*r = -n*q + 940, 4*q - 2*r - 952 = -6*r. Suppose 2*t - 4*t = -q. What is the units digit of t?
8
Suppose -5*h - 5*g = -3*g - 22, 3*h = 2*g + 26. Let y(z) = 2*z**3 + 6*z**2 - 17*z - 4. Let c be y(h). Let a = c + -379. What is the hundreds digit of a?
1
Let k = -246 - -231. Let q(h) = h**3 + 15*h**2 - 5*h - 21. What is the tens digit of q(k)?
5
Suppose 392*s - 329*s - 3607191 = 0. What is the hundreds digit of s?
2
Suppose 0*u = -8*u + 80. What is the tens digit of (-2 - 3/(-3))*(-95 + u)?
8
Let k = -15 - -21. Let b be 1 - -2 - (-30)/k. Suppose b*f - 16 + 0 = 0. What is the units digit of f?
2
Let m(k) = 436*k**2 - 439*k + 3. What is the hundreds digit of m(-11)?
5
Suppose -7*c - 308125 = -5*w, 2*w - 123250 = -33*c + 29*c. What is the thousands digit of w?
1
Let h(a) = -68*a + 269. Let q be h(4). Let u = 19 + -29. What is the hundreds digit of q - (u/(-25) + (-887)/5)?
1
Let h(p) be the first derivative of -97*p**2/2 - 9*p - 80. What is the hundreds digit of h(-5)?
4
Let s be (-4 + 1)/((-3)/70). Let x = 2036 - 2056. Let f = s + x. What is the tens digit of f?
5
Suppose 654986 = 31*p - 902299. What is the ten thousands digit of p?
5
Suppose 15*d - 3*y - 75 = 16*d, 2 = -y. Let x = -142 - -307. Let h = x + d. What is the units digit of h?
6
Let m(j) = -311*j + 28*j - 137524 + 137270. What is the thousands digit of m(-5)?
1
Suppose 4*h = 3*b - 616, -h + 0*b - 3*b = 139. Suppose -q + 251 = u - 5, -u - 5*q = -276. Let d = u + h. What is the tens digit of d?
0
Suppose -268*a + 325*a - 1863558 = 0. What is the ten thousands digit of a?
3
Let b(f) = 5*f**2 + 1. Let u be b(-1). Suppose -a = -q - u + 3, -4*q - a = 37. What is the tens digit of 868/18 + q/36?
4
Suppose -98*g = -94*g + 3*r - 21, -g + r = 0. Suppose 0 = g*y - 2*t - 1172, -978 = -3*y + t + 190. What is the hundreds digit of y?
3
Let l = -24198 - -36430. What is the hundreds digit of l?
2
Suppose 1770808 = -1326*l + 1352*l. What is the thousands digit of l?
8
Suppose -23 = 2*k + 4*q - 5, -q - 42 = 3*k. Let b = 1526 + k. What is the tens digit of b?
1
Let p(s) = 1550*s - 15. Let d be p(12). Suppose -15*j = -d + 6705. What is the units digit of j?
2
Suppose -a - 52 = 4*d, 5*d + 19 = 4. Let y = -40 - a. What is the hundreds digit of y*2/(-4) - (-9 - 100)?
1
Let k(w) = -56*w**3 + 2*w**2 + w. Let v(n) = 6*n - 17. Let f be v(3). Suppose -f - 7 = 8*i. What is the units digit of k(i)?
7
Let z(l) = 6*l**2 - 4*l + 13. Suppose 0 = -5*k - 0*k + 2*h - 40, -4*k - 2*h = 14. Let q be z(k). Let y = q + -102. What is the tens digit of y?
5
Let o be (-9)/(-27) + 2890/6. Suppose 253 = f + f + 5*k, -4*f + o = 2*k. Suppose -f + 47 = -4*w. What is the units digit of w?
8
Let y = -5910 + 9651. What is the hundreds digit of y?
7
Let b = 22 - 15. Suppose 3 + 25 = b*i. What is the units digit of ((4 + -1)*i)/(6/16)?
2
Let j be -6*53/(-14) + (-2)/(-7). Suppose 0 = -n + 2*s + 3*s - j, 2*s - 10 = 0. What is the tens digit of 2/2 - (-17 - 1)/n?
1
Let g(q) = q**3 + 5*q**2 - 13*q + 9. Let c be g(-7). Suppose -4*z = -c*y - 1182, -4*z + 4*y - 92 = -1284. What is the tens digit of z?
9
Let q(u) = 58*u + 6816. What is the hundreds digit of q(105)?
9
Let g(s) = -3*s + 57. Suppose 52*b = 49*b + 30. What is the tens digit of g(b)?
2
Suppose -66 = -5*g + 5*f + 139, g + 2*f - 50 = 0. Suppose -40*m = -g*m + 6988. What is the tens digit of m?
4
Suppose -2 + 0 = -t. Suppose 0 = -2*b - 2, -2*m + 6*m = -5*b + 11. Suppose t*x = m*x - 196. What is the units digit of x?
8
Suppose -61649 - 22879 = -18*v. Suppose 5*a = z + v, 8*a - 3*a = -3*z + 4692. What is the hundreds digit of a?
9
What is the tens digit of 749*-24*(-27)/504?
6
Let c(m) = -m + 50. Let p be c(26). What is the hundreds digit of p/(-132) + 8782/22?
3
Let m be (-3825)/(-34)*(-122)/(-3). Suppose -4*r - 3*u = -3625, 5*r - m = 6*u - u. Suppose -12*z + 7*z = -r. What is the hundreds digit of z?
1
Let m(w) = 506*w + 2119. What is the hundreds digit of m(62)?
4
Let l be 86904/(-40) + 6/10. What is the tens digit of (-2)/(-11) - l/66*13?
2
Let w = 24 + -24. Suppose 3*o = 2*m + 946, 0 = 5*o + m - w*m - 1594. Let l = o + -149. What is the tens digit of l?
6
Suppose 0 = -2*s + 10*u - 8*u + 9030, 3*s = 5*u + 13557. What is the tens digit of s?
0
Let z(r) = -2*r**3 - 87*r**2 - 84*r + 549. What is the tens digit of z(-44)?
8
Let a = -243 + 189. What is the hundreds digit of ((-12)/a - (-20)/(-9)) + 377?
3
Suppose -66*u + 74*u + 264 = 0. What is the tens digit of (-6 + 0/(-2))*220/u?
4
Suppose -4*m = -5*b + 2*b + 538, 5*b = 3*m + 915. Suppose -b = -0*d - d. Let r = d + -81. What is the tens digit of r?
0
Let w = 192 + 210. Suppose 4*f - 582 = w. Suppose -2*u - 4*u + f = 0. What is the tens digit of u?
4
Suppose 61*t - 452307 = 93887. What is the hundreds digit of t?
9
Suppose 0 = -160*f - 150*f + 18017200. What is the ten thousands digit of f?
5
Let p(l) be the third derivative of l**5/20 + 3*l**4/4 + 37*l**3/6 - 47*l**2. What is the tens digit of p(-13)?
1
Let h be (-10)/30 - 10/(-3). Suppose 330 + 42 = h*b. Let x = -116 + b. What is the units digit of x?
8
Suppose i + 15 + 4 = 0. Let g be 57/i*(-1)/3. Let s = g - -27. What is the tens digit of s?
2
Suppose 8975365 = 275*s + 3241065. What is the thousands digit of s?
0
Suppose w = -w. Suppose 4*n + w*n = 0. Suppose n = -4*v + 4*g + 172, -221 = -v - 4*v + 2*g. What is the tens digit of v?
4
Let p(w) be the first derivative of 6*w**3 + 7*w**2 - 29*w - 60. What is the units digit of p(5)?
1
Let s be 1 - 1/((-1)/(-2)*2). Suppose s = -8*p - 5*p + 1430. What is the tens digit of p?
1
Suppose -2*y - 657 = -645. Let d(a) = -83*a + 52. What is the tens digit of d(y)?
5
Let h = 34 + 6. Suppose h*s = 36*s - 80. What is the tens digit of s*(-6 - (-7 - -5))?
8
Let l = 68 - 52. Suppose 0 = 4*x + 3*k, -3*k - l = k. Suppose x*m = 2*m - 4, -3*c - 2*m = -22. What is the units digit of c?
0
What is the tens digit of ((-51472)/(-28))/(30/105)?
3
What is the tens digit of 0/4 + (-150847)/(-6) + 255/306?
4
Suppose 49*k - 40620 = 43*k. What is the units digit of k?
0
Suppose 4*p + 0*o = -4*o + 32, 5*o + 5 = 4*p. Let f be (-1 - 1/5)*p/(-2). Suppose f*s - 7*s = -428. What is the hundreds digit of s?
1
Let i = 21 + -16. Suppose -i*n + 414 = 4*t, 5*n + t + 0*t = 426. Let p = n + -41. What is the units digit of p?
5
Let a be 48/21*(-7)/(-2). Suppose -a = 5*d - 9*d. Suppose d*q - 150 = -4*q. What is the tens digit of q?
2
Let l = 18302 + -11306. What is the units digit of l?
6
What is the units digit of ((-90)/(-21))/(18/(-33810)*-7)?
0
Let c(g) = -g**2 + 199. Let v be c(-14). Let t be 2 + -4 + 4*1. Suppose 0*a + 119 = p + t*a, -385 = -v*p + a. What is the hundreds digit of p?
1
Let r = 16162 - 10254. What is the tens digit of r?
0
Let d(t) = -2*t**3 + 8*t**2 + t - 21. Let h be d(-5). Let s = h + -131. What is the 